o be s(3). Let b be (-2 - 1)/(6/(-22)). Suppose -51 = -o*v - b. What is the greatest common factor of 70 and v?
10
Let z(m) = 2*m**2 + 15*m + 27. Let t be z(-7). Calculate the highest common divisor of t and 50.
10
Let n = 33 - 17. Suppose 24 = -a + 4*a. Let t(x) = x**3 - 7*x**2 - 7*x + 8. Let g be t(a). Calculate the highest common factor of n and g.
16
Let i = 8 + -8. Suppose -4*m + 44 = z - i*z, -m - 5*z = -11. What is the greatest common factor of m and 77?
11
Let v be ((1932/18)/(-7))/((-2)/3). What is the greatest common factor of v and 230?
23
Let y(w) = -w**3 - 6*w**2 - 3*w - 9. Let c be y(-6). Let d be c/12 + (-121)/(-4). Calculate the highest common factor of 31 and d.
31
Let r(z) be the second derivative of z**4/6 - z**3 + 9*z**2/2 - z. Let a be r(6). Calculate the greatest common divisor of 15 and a.
15
Let a be (4/5)/(2/5). Suppose a*w - 6 = w. Let n be 670/16 + 4/32. Calculate the highest common factor of n and w.
6
Let a = 116 - 46. Let m be (16/(-10))/2*5. Let l be 0/m - (-14)/1. Calculate the highest common factor of a and l.
14
Let u = 18 - 2. Let w(z) = 4*z - 8. Let x be w(14). Calculate the greatest common divisor of u and x.
16
Let n(l) = -l**3 + 10*l**2 - 6*l - 6. Let b be n(6). Suppose b = 4*v + 6. Suppose -v = -6*f + 2*f. Calculate the greatest common factor of 42 and f.
6
Suppose 5 - 2 = -x. Let b be x/6*(2 - 2). Suppose -260 = -3*a + 4*q, b*q = 2*a + q - 155. What is the highest common factor of 32 and a?
16
Let l = -21 - -37. Calculate the greatest common divisor of l and 80.
16
Suppose 7*v = 9*v - 92. Suppose x - v = 14. What is the highest common divisor of 15 and x?
15
Let z = 55 - 33. Calculate the highest common factor of z and 33.
11
Let g(r) = r**3 - 5*r**2 + 7*r - 8. Let b be g(6). Let n(x) = 3*x - 2 - 3*x - 2 + 4*x. Let q be n(8). What is the highest common divisor of b and q?
14
Let b = 27 + -22. Let z(m) = m + 4. Let j be z(b). What is the greatest common divisor of 90 and j?
9
Suppose 5*p = 4 + 6. Let m be ((0 - -2) + 2)/p. Suppose -69 = -5*n + m*n. Calculate the greatest common divisor of n and 69.
23
Let j be 65/(-20) - (-1)/4 - -23. Calculate the greatest common factor of j and 5.
5
Suppose -v + 5*c + 60 = 4*v, -5*v - 2*c + 25 = 0. Let h(d) = -62*d + 1. Suppose -6*g = -5*g + 1. Let a be h(g). What is the greatest common factor of v and a?
7
Let c be (3 - 4)*-4*1. Suppose -g + 150 - 20 = s, -3*s = -c*g + 520. What is the highest common factor of 26 and g?
26
Let o be 8/4 - 1050/(-3). Calculate the highest common divisor of o and 32.
32
Suppose 2*h + 2*k = -k + 22, h + k = 9. Let d be 0/((-6)/(-2) + -1). Let n(j) = j**2 + 35. Let r be n(d). What is the greatest common divisor of h and r?
5
Let b(v) = -v**3 + v**2 + 4*v + 2. Let l be b(-4). Calculate the highest common factor of 22 and l.
22
Let k(g) = 2*g**2 + g - 1. Let c be k(1). Calculate the greatest common divisor of 32 and c.
2
Suppose 0 = 2*x - 18 + 4. What is the greatest common divisor of 63 and x?
7
Let g = 12 - 8. Let h be (30/18)/((-1)/(-3)). Suppose -2*b + h*t = 7 - g, 5*b + 4*t - 75 = 0. What is the greatest common factor of b and 121?
11
Let n be (3/4)/(2/(-1088)). Let k = -132 - n. Suppose -g = 5*u - k, 3*u + 3*g = -g + 169. Calculate the greatest common factor of 11 and u.
11
Suppose 0 = -6*u + 369 + 153. What is the greatest common factor of 58 and u?
29
Suppose y - 3 = -1. Let h(x) = -x**2 + 7*x - 3. Let m be h(y). Calculate the highest common divisor of 7 and m.
7
Let l(k) = -k**3 + 3*k**2 + 4*k. Let j be l(3). Let n be (-9)/j - 23/(-4). What is the greatest common divisor of 2 and n?
1
Let l = 13 - 12. What is the greatest common divisor of 4 and l?
1
Suppose -5*d = 24 - 604. What is the greatest common factor of d and 29?
29
Let t = -3 + 6. Suppose -3*u + 5*w = 235, -u - t*u - 290 = 5*w. Let q be u/(-7) - (-4)/14. Calculate the greatest common factor of q and 99.
11
Let h(d) be the second derivative of d**4/6 + 5*d**3/3 + 5*d**2 + 2*d. Let f be h(-7). What is the greatest common divisor of 19 and f?
19
Suppose 2*n + 98 = 4*d + d, 0 = -5*d + 3*n + 97. Let w = -76 - -108. Let o = 62 - w. What is the highest common divisor of o and d?
10
Let c = 2 - 0. Suppose -6 + c = -4*z. Let a be (2/3)/(z/9). Calculate the highest common factor of a and 66.
6
Let y = 5 - 7. Let d be (-1)/y - 15/(-6). Suppose -6*h = -d*h - 240. What is the highest common factor of h and 16?
16
Let r(h) = 8 + 1 - h**2 + 13 + 2 - h**3. Let j be r(0). What is the highest common factor of 16 and j?
8
Let b(r) = r**2 + 10*r + 18. Let s be b(-9). Calculate the greatest common factor of 63 and s.
9
Suppose -5*y + 0*y + 15 = 0. Suppose -c - y*c = 0. Suppose -5*o + 91 + 179 = c. What is the highest common divisor of 6 and o?
6
Let m(a) = 7*a - 2. Let x be m(2). Let n(b) = 0*b + b**2 + 0*b + 0*b + x + 2*b. Let s be n(-8). What is the greatest common divisor of s and 12?
12
Suppose -2*w - 2 = 4*z, 2*z + 4 = -6. What is the highest common divisor of 9 and w?
9
Let i = 2 - 4. Let g be i/3 + 65/3. Suppose g = 4*t + 3*h, 2*t - 15 - 8 = h. What is the highest common divisor of 63 and t?
9
Suppose 8*x - 3*x - 211 = -r, -r = -5*x - 241. Let f be r/4 + 2/(-4). What is the greatest common factor of f and 14?
14
Suppose -s - 3*s - 64 = 0. Let u be s/24 + (-604)/(-6). Let q = 1 - -19. What is the highest common divisor of q and u?
20
Let n be ((-6)/(-4))/((-1)/(-2)). Suppose 6*u - 158 = 40. What is the highest common divisor of u and n?
3
Let f be (-136)/(-14) + 6/21. Suppose -2*j = 3*s - s + 14, f = 2*s - 4*j. Let w be (-5 + 2)*110/s. Calculate the highest common divisor of 10 and w.
10
Let g be ((-11)/4 + 2)*-16. What is the greatest common factor of 48 and g?
12
Suppose -4*g = -a - 35, 5*g - g = 5*a + 47. Calculate the greatest common factor of g and 40.
8
Let g(w) be the second derivative of 25*w**5/4 + w**2/2 - 2*w. Let p be g(1). Let y be (4/(-6))/((-5)/135). Calculate the greatest common divisor of y and p.
18
Let z = 0 + 0. Suppose -4 = -0*w - 2*w. Suppose 0 = -2*x - 2*m + 18, z*m + w*m - 8 = -x. Calculate the highest common factor of 2 and x.
2
Let o(p) = 4*p**2 - 2*p**2 + 2*p - 5*p**2 + p**3 - 7*p**2 - 9. Let k be o(10). What is the highest common factor of k and 77?
11
Suppose 0*t + 165 = 5*t. What is the greatest common factor of t and 11?
11
Let m = 210 - 146. What is the greatest common factor of m and 8?
8
Let o(d) = 59*d**3 + 2*d - 1. Let a be o(1). Calculate the greatest common factor of 90 and a.
30
Let m(u) = u + 9. Let f be m(-9). Let q be (-2 + f)/2 - -13. Let r = q + -3. What is the greatest common divisor of r and 3?
3
Suppose j + 16 = 3*s - 19, 0 = -2*s - 2. Let o be -8*(-2)/(-8)*j. What is the greatest common factor of o and 19?
19
Let c(f) = -11*f - 8. Let a be c(-9). Let j be (-6)/15 + 8/(-5). Let o(p) = 2*p**2 - 2*p + 1. Let m be o(j). Calculate the greatest common factor of a and m.
13
Let z = 11 - 0. Suppose -5*l + 940 - 170 = 0. Suppose 0*h = 2*h - l. Calculate the greatest common divisor of h and z.
11
Let l be (-3)/5*(-8 + -2). What is the highest common divisor of l and 42?
6
Let r = -32 - -46. What is the greatest common divisor of 56 and r?
14
Let m(b) = b**2 + 5*b + 4. Let v be m(-4). Suppose v = -6*o + o - 420. Let x be (5/10)/((-2)/o). What is the highest common factor of 14 and x?
7
Suppose -3*p + 1 = -4*t - 14, -5*p - 4 = 3*t. Let z = 12 + t. What is the greatest common factor of 27 and z?
9
Let c(n) = -14*n. Let y be c(-8). Calculate the highest common factor of 14 and y.
14
Let a be -12*(21/12 + -2). Suppose -q + a = 0, -g + 3 + 6 = -2*q. Suppose 65 = 5*v + 2*p, 5 = -v + p - 5*p. What is the highest common factor of g and v?
15
Suppose -4*b = -7*b - 21. Let v(k) = -k**2 - 10*k - 9. Let h be v(b). Suppose 5*s - 288 = 2*s. Calculate the greatest common factor of h and s.
12
Let p be (-2)/6 + (-14)/(-6). Let l(i) = -i**2 - 4*i + 7. Let q be l(-5). Suppose -p*o + 14 = -q. Calculate the highest common factor of 40 and o.
8
Let v = 11 + 0. Calculate the highest common factor of v and 99.
11
Let v be 3/(-4) - 1602/(-24). What is the greatest common factor of 44 and v?
22
Let j(h) = -h**2 + 10*h - 19. Let u be j(6). What is the highest common divisor of u and 5?
5
Let q = 1 + 2. Suppose -4*m + 49 = q*t, 5*m - 55 = -4*t + 9. What is the greatest com